?
False
Suppose 7*x = 8*x + 7. Is (-442)/(-8) + x/28 prime?
False
Is 0 + -2 + 0 + 2743 composite?
False
Suppose -4*a = -106 - 210. Is a a prime number?
True
Let i = -4 - -6. Suppose 4*d - 7*d + 761 = -i*b, b = 5. Is d a composite number?
False
Suppose 3*u + 4 = -11, 8 = f - u. Suppose d + 5 = 5*p - 6, p = f*d + 5. Suppose -p*o - 268 = -6*o. Is o composite?
False
Let t(x) = 7*x**3 - 13*x**2 + 8*x - 25. Is t(7) prime?
False
Suppose -z + 0*z = d - 68, 2*z = -5*d + 355. Let k = d + -185. Is 2/(-6)*(k + 1) composite?
False
Suppose -3*b = k - 3 - 2, -5*k + 15 = 5*b. Suppose -y = -4*o - 439, -k*y + o + 1072 - 187 = 0. Is y prime?
True
Suppose -2*r - c + 3 = 2*r, 5*r + 2*c - 6 = 0. Suppose 3*v - 103 - 170 = r. Is v a prime number?
False
Suppose -1325 = 3*g + 2*y, -8*g + 3*g + 3*y - 2240 = 0. Let s = g + 914. Is s prime?
False
Let w = -3 - -5. Let p(q) = -6*q + 3. Let u be p(w). Let v = 31 + u. Is v a prime number?
False
Suppose 4*y - 11 - 13 = 0. Suppose 635 = 5*o - 2*d, y*o - 5*d - 381 = 3*o. Is o a prime number?
True
Suppose -m + 2 = -3. Suppose 2 = c + m. Is 332/6 + 1/c composite?
True
Let l be (8/5)/(1/5). Suppose -l*t - 118 = -10*t. Is t prime?
True
Suppose -6157 - 15383 = -12*v. Is v a composite number?
True
Let i(z) = -6*z**2 + z + 4 - 2*z - 11*z + 5*z**2. Is i(-9) composite?
False
Let i(n) = -n**2 + 15*n - 3. Let a = 13 + -3. Is i(a) a prime number?
True
Let l(r) = 12*r - 1. Suppose -5*n = -2*t, 3*t = -2*n + 2*t + 9. Suppose -c + n = c. Is l(c) a composite number?
False
Suppose 3*k = 7*k + 5*a + 42, -2*a = 4. Let o = k - -2. Let d = o + 59. Is d composite?
False
Let x = -2 - 2. Let u be (-513)/12 + 1/x. Let a = 62 + u. Is a a composite number?
False
Suppose 3*x + x = 5*w - 31, 19 = 5*w - x. Suppose -i = w*i - 580. Is i a composite number?
True
Let z be (2 - 7)*(10 + -1). Let v = -76 - z. Let a = v - -53. Is a composite?
True
Let g(j) be the second derivative of 13*j**6/120 - j**4/24 + j**3/3 - 4*j. Let q(d) be the second derivative of g(d). Is q(1) prime?
False
Let s = 6 - 3. Suppose -s*g + 4*g - 6 = 0. Is (28/g)/(4/18) composite?
True
Suppose -3*n = 5*b - 130, n + 3*b - 38 = -0*n. Suppose -5*c = 4*m - 179, 2*m - 3*m = 3*c - n. Suppose -i - 10 = -m. Is i composite?
False
Suppose 3*f = h - 84 + 280, 5*h + 176 = 3*f. Suppose -y = -f - 144. Is y a composite number?
False
Suppose -7*i = -18620 - 2639. Is i composite?
False
Let r(n) = -16*n + 4 + 5 - 18*n - 9*n. Let f be r(6). Is (6/9)/((-2)/f) a composite number?
False
Let s(u) = u**3 - 2*u**2 - 4*u - 5. Let y be s(4). Let h(d) = -5*d**3 + d. Let b be h(-1). Suppose b*i - z = y, -5 = -4*i - 0*i - z. Is i prime?
True
Let k = 21 - 13. Let j(t) = -t**3 + 7*t**2 + 9*t - 8. Let s be j(k). Suppose 5*x + 4*c + 27 - 190 = s, -4*x - 4*c = -132. Is x a composite number?
False
Let r = -71 + 124. Is r a prime number?
True
Let m(v) be the first derivative of -v**4/4 + 7*v**3/3 + 3*v**2/2 - 6*v + 3. Is m(5) a composite number?
False
Is 46/((-10)/(-5))*11 composite?
True
Suppose 2*h - 3*d = -49, 0 = -5*h - 3*d - 153 - 22. Let o = 19 - h. Is o a composite number?
True
Let f(s) = s**3 - 3*s**2 - 4*s + 2. Let o be f(4). Suppose -4*y = 3*n - 265, 10 = 3*y - o. Is n prime?
True
Let o be ((-10)/(-2))/(1 - 2). Is (o/15)/((-1)/267) prime?
True
Let k = 2439 + -1078. Is k composite?
False
Suppose -2*l - 2*d = d - 3753, 5*l + d - 9402 = 0. Suppose 0*r + g = 4*r - l, -4*g - 2365 = -5*r. Is r a composite number?
True
Let v = -164 - -616. Suppose 2*k - 560 = 2*n + v, -5*n + 1047 = 2*k. Is k a composite number?
True
Suppose 2589 = -4*l + 7*l. Is l composite?
False
Suppose 3*u = 7*u - 1284. Is u a prime number?
False
Is -5*((-512)/40 + (-2)/1) a composite number?
True
Suppose -3*a = 3, 0 = d + 4*d + 2*a - 8. Suppose 4*g - 4*y - 3 - 5 = 0, g + 2 = 5*y. Suppose -p = d*i - 75, 0 = -0*p - g*p + 3. Is i a prime number?
True
Let v(q) = -q**2 + q + 1. Let c be v(3). Let j(u) = -4*u**3 - 7*u**2 + 4. Is j(c) a composite number?
True
Suppose 18 = -3*h + 1329. Let k = h - 246. Is k a composite number?
False
Let o be ((-1)/(-2))/(3/426). Let i = -43 + o. Suppose i = 6*p - 2*p. Is p prime?
True
Suppose 0 = -5*y + k - 0*k, 23 = 2*y - 5*k. Let c be y - 7/(14/(-164)). Suppose -m = -c - 14. Is m a composite number?
True
Suppose -5*h + 9 = -26. Suppose 382 = -5*w + h*w. Is w a prime number?
True
Let o(z) = 27*z**2 - 2*z + 1. Suppose -3*f = -6*f + 3. Is o(f) prime?
False
Is 2*3390 - (-3)/(-3 + 0) prime?
True
Suppose -2*m = 143 - 805. Is m a composite number?
False
Let o = -305 + 451. Is -1*-1*(o - 1) composite?
True
Suppose 3*w + 0*q - 111 = 3*q, -5*q = -2*w + 80. Is w a composite number?
True
Let v = -516 + 995. Is v composite?
False
Is 2 - (-5248)/6 - (-13)/39 a prime number?
True
Let r(q) be the second derivative of q**8/6720 - q**7/840 - q**6/360 - q**5/120 + q**4/6 + 3*q. Let c(u) be the third derivative of r(u). Is c(4) composite?
False
Let t(g) = -5*g**2 - 3*g - 3. Let q(n) = 4*n**2 + 4*n + 4. Let h(z) = 4*q(z) + 3*t(z). Let p be h(-5). Is -3 - 429/(-3) - p a composite number?
True
Suppose 122 = p - 4*f, 4*f - 349 = -3*p - f. Let h = -29 + p. Is h a composite number?
False
Let f(l) = l - 3. Let a be f(5). Suppose p - 3 = -3*j - 0*j, 0 = j + 2. Suppose -a*u + 9 = -p. Is u prime?
False
Let h be (-18)/63 + 430/(-14). Let s = h + 146. Suppose -v + 0*v + s = 0. Is v a prime number?
False
Let q = -44 + -105. Let c = -72 - q. Is c a prime number?
False
Let i(z) = -z**3 - 3*z**2 + 3*z - 5. Let d be (1 + 1)/((-3)/6). Let y be i(d). Is -2*(-31)/(-2)*y a prime number?
True
Suppose 4*c = -5*r + 1572, -3*c - 2*r = -1353 + 174. Is c composite?
True
Let a(j) = -18*j + 11. Let y(b) = 17*b - 10. Let k(w) = 3*a(w) + 4*y(w). Is k(6) a composite number?
True
Suppose 0 = -r - 442 + 1331. Is r composite?
True
Let f = -119 + 370. Is f a composite number?
False
Suppose -3*k = -i + 1072, 3*i - 2039 - 1217 = k. Is i a composite number?
False
Suppose -17*l = -18884 - 18533. Is l composite?
True
Suppose -4*p + 5*o + 18 = 0, -5*p - o - 4*o = 0. Suppose 2*t = -p*t - 5*b + 18, t + 3*b = 8. Is t composite?
False
Suppose n - 5*n = -8. Suppose 138 = 2*h + n*h - 3*r, 3*h = -5*r + 89. Is (1 - 10/(-3))*h a composite number?
True
Suppose -4*v = 3*y - 2597, 1285 = -2*v + 4*v - 3*y. Is v a prime number?
True
Suppose -2*k + 2 = -4. Let x(g) = -g - 2. Let b be x(-2). Suppose k*o - 2*c = b, 5*o - 4 = -4*c + 18. Is o composite?
False
Let v(t) = 15*t**2 - 10*t + 6. Let i(x) = -10*x**2 + 7*x - 4. Let d(g) = -8*i(g) - 5*v(g). Is d(-5) a composite number?
False
Let p be 2/3 - 112/(-21). Let o be 2/(((-4)/6)/(-1)). Is 9*(o + p) + -2 a composite number?
False
Suppose 5 + 5 = 5*a - 2*t, 0 = -4*a - 4*t + 8. Suppose 160 = 3*w - 4*d - 25, 3*w - 173 = -a*d. Is w a prime number?
True
Suppose 0 = -3*j + 12, -769 = -i + j + 42. Is i a composite number?
True
Let w be (7/(-14))/(1/(-4)). Suppose -3*m = w*m - 805. Is m prime?
False
Suppose 0 = 4*z + 3 + 13. Let m(a) = -2*a**3 - 6*a**2 + 3. Is m(z) composite?
True
Suppose 5*a = 4*z - 11, -3*a + 7*a - 4 = 0. Suppose -6*s + 1301 = -s - 4*q, -4*s - z*q + 1012 = 0. Is s composite?
False
Suppose -i + 9 = 3*d - 5*d, i = 5*d + 21. Is d + 92 + -1 + 2 a prime number?
True
Is ((-10)/20)/(1/(-26)) composite?
False
Let g(r) = r**3 - 7*r**2 - 9*r - 8. Is g(13) a prime number?
False
Suppose -5*m + 131 = -79. Suppose -5*t = -3*t - m. Is t a composite number?
True
Let i(x) = -x**3 - 7*x**2 - 8*x - 11. Let k be i(-6). Let c(t) = t - 1. Let g be c(6). Let b = g - k. Is b prime?
False
Let k = 4317 + -2214. Is k a composite number?
True
Suppose 86 = 2*v + 4*t - 72, 3*t = -2*v + 158. Is v a composite number?
False
Let m be 302 + -1*(-6 + 3). Suppose -5*c - m = -1110. Is c a composite number?
True
Suppose -1287 = -4*x + 7093. Is x a composite number?
True
Suppose 5 + 1 = 2*j. Suppose 4*l + 3*r - 151 = 0, 0*l + j*r = -2*l + 77. Is l a composite number?
False
Is (4/4)/(-1) + 88 a composite number?
True
Let k(z) = 4*z + 2. Suppose -17 = -4*l - 3*y, 0 = 3*l + 3*y - y - 13. Is k(l) a composite number?
True
Let t = -43 - -173. Suppose -3*g + 4*a + t = -19, 3*g - 173 = -2*a. Is g composite?
True
Suppose 79 = -5*p - 2*d, -4*d = 2*p + p + 39. Let x(h) = h**3 - 4*h**2. Let j be x(6). Let r = j + p. Is r a composite number?
True
Suppose 230 = 5*c - 0*c. Is c a composite number?